0?
2d
In base 16, what is 284 + 5?
289
In base 15, what is 2 - 5a?
-58
In base 14, what is -3 - -12?
d
In base 5, what is 10 - -140?
200
In base 8, what is 44055 - 3?
44052
In base 3, what is 1021 + -101011?
-22220
In base 3, what is -2010 - -1?
-2002
In base 6, what is -23041 - -5?
-23032
In base 12, what is -2776 - 3?
-2779
In base 14, what is 1a - -5?
21
In base 2, what is -1000 - 111?
-1111
In base 7, what is 3 + -5?
-2
In base 7, what is 102 - -3?
105
In base 13, what is b + -134?
-126
In base 5, what is 0 + 33132?
33132
In base 4, what is 20110 + 1?
20111
In base 8, what is -65 - 143?
-230
In base 5, what is -114 - 3?
-122
In base 14, what is -5 - 1214?
-1219
In base 8, what is 11 - -37?
50
In base 3, what is -221 + 221?
0
In base 15, what is 11 + 206?
217
In base 4, what is 33020 - -10?
33030
In base 14, what is -1 - 4d6?
-4d7
In base 3, what is -2010 - -1120?
-120
In base 2, what is 1000 - 110011010?
-110010010
In base 4, what is 3 - -11102?
11111
In base 16, what is 7 - 8de?
-8d7
In base 11, what is 15 + 5?
1a
In base 16, what is 2 + -1b4?
-1b2
In base 8, what is -11 + -1027?
-1040
In base 16, what is 879 - -5?
87e
In base 2, what is 0 - 11001?
-11001
In base 15, what is 189 - 4?
185
In base 16, what is -55 + -26?
-7b
In base 4, what is 0 + -20223?
-20223
In base 12, what is 93 + 4?
97
In base 3, what is -112 + -21121?
-22010
In base 5, what is 10 - -1442?
2002
In base 11, what is -2 - 56?
-58
In base 12, what is 44 + 18?
60
In base 16, what is 1a - e?
c
In base 2, what is -100110 + 1001101?
100111
In base 14, what is 5 - -4c?
53
In base 16, what is e4ea + 5?
e4ef
In base 16, what is -1d - -f?
-e
In base 11, what is -9a + 2?
-98
In base 8, what is -1 - 335?
-336
In base 13, what is 32a - 3?
327
In base 8, what is -65 + 110?
23
In base 7, what is -252 + 4?
-245
In base 5, what is 4141 - -2?
4143
In base 4, what is -11121303 - 2?
-11121311
In base 15, what is -2 - -665?
663
In base 8, what is -3 + 156?
153
In base 13, what is -2 - -94?
92
In base 12, what is 394 - -3?
397
In base 2, what is 110111001101 - 0?
110111001101
In base 7, what is 504 - 5?
466
In base 13, what is -2787 - 5?
-278c
In base 9, what is -738 + 13?
-725
In base 10, what is -2 - 1067?
-1069
In base 6, what is -404 - -1?
-403
In base 13, what is -11 + 16?
5
In base 15, what is 5 + -16e?
-169
In base 6, what is -22522 - 4?
-22530
In base 14, what is -3d2c - 2?
-3d30
In base 10, what is -341 + 2?
-339
In base 16, what is 1 - -4?
5
In base 16, what is -4 + d5?
d1
In base 3, what is 21100 + -102?
20221
In base 5, what is -324 - -3?
-321
In base 10, what is -14 + -122?
-136
In base 16, what is 7 + -427?
-420
In base 6, what is 3 + -20?
-13
In base 7, what is -314 + -55?
-402
In base 6, what is -1 - -4033?
4032
In base 7, what is 2 - -225?
230
In base 9, what is -213 - -13?
-200
In base 15, what is -ed + -7?
-105
In base 7, what is 44 - 66?
-22
In base 12, what is -2 - -198?
196
In base 8, what is -22 - -306?
264
In base 2, what is -101 + 110011111010?
110011110101
In base 6, what is 3 + -3002?
-2555
In base 2, what is 100 + 10111001?
10111101
In base 4, what is 11 + 32?
103
In base 5, what is -1004103 + -3?
-1004111
In base 13, what is -83 + 3?
-80
In base 8, what is -3 + 0?
-3
In base 12, what is -11 + -134?
-145
In base 3, what is 11 - 2110?
-2022
In base 16, what is -23 - -1c?
-7
In base 8, what is -20 + -2?
-22
In base 7, what is -130 + -12?
-142
In base 3, what is 1 + -10021111?
-10021110
In base 5, what is -434022 + 2?
-434020
In base 5, what is -1002 - -3?
-444
In base 6, what is 52 + 250?
342
In base 12, what is -522 + -3?
-525
In base 16, what is -4 + a?
6
In base 7, what is -264 + 11?
-253
In base 9, what is -3 + 176?
173
In base 10, what is -6 - -202?
196
In base 10, what is 1 + -106?
-105
In base 7, what is 5521 - -4?
5525
In base 9, what is -50 - 12?
-62
In base 2, what is -1000010111 - -101?
-1000010010
In base 4, what is 10113 + 21?
10200
In base 9, what is -2 + 522?
520
In base 15, what is 8 + -14c?
-144
In base 7, what is -201 + -26?
-230
In base 16, what is 3 + 16?
19
In base 11, what is 7 - -243?
24a
In base 3, what is -12 + 22121?
22102
In base 12, what is 49a + 8?
4a6
In base 7, what is -1450 - -3?
-1444
In base 2, what is 10001001 + -100?
10000101
In base 15, what is -5 + -27?
-2c
In base 7, what is 3 + -13426?
-13423
In base 8, what is -10 - 6?
-16
In base 13, what is 28 - -7?
32
In base 11, what is -a - -112?
103
In base 14, what is 22 + 5?
27
In base 10, what is -27 + -8?
-35
In base 6, what is -5 + 23524?
23515
In base 2, what is 10000010110 - -10?
10000011000
In base 12, what is -11 + 92?
81
In base 6, what is -13011 - -4?
-13003
In base 11, what is 36 + 1a0?
226
In base 2, what is -100111111 + -1000?
-101000111
In base 2, what is 1 + -1001?
-1000
In base 13, what is -86 - 1?
-87
In base 5, what is -411 + -122?
-1033
In base 8, what is -11773 - 1?
-11774
In base 15, what is 2 + 33b?
33d
In base 2, what is -1010011 - 10?
-1010101
In base 13, what is -5 + -88?
-90
In base 2, what is -10 + -1011001101?
-1011001111
In base 7, what is 1023 - 4?
1016
In base 16, what is 24 + 7?
2b
In base 9, what is -71 - -1?
-70
In base 16, what is 592 - 5?
58d
In base 4, what is 3 - -10323?
10332
In base 6, what is 20 + 11?
31
In base 10, what is -9 - -147?
138
In base 8, what is -3 - 2452?
-2455
In base 14, what is 3 + -260?
-25b
In base 16, what is -4 - aef?
-af3
In base 15, what is 1 - -d0?
d1
In base 3, what is -11 - 21000?
-21011
In base 13, what is -4 + -9?
-10
In base 3, what is -10121112 - -1?
-10121111
In base 10, what is 5 + 372?
377
In base 14, what is -1 + -43?
-44
In base 8, what is 231 + -3?
226
In base 6, what is 143 - -21?
204
In base 16, what is 6 + -3?
3
In base 9, what is 354 - 21?
333
In base 15, what is -67 - -26?
-41
In base 16, what is 2 + -4f6?
-4f4
In base 9, what is 2 - -1681?
1683
In base 15, what is 69e + -2?
69c
In base 6, what is 11 + -2510?
-2455
In base 6, what is -11 + 52?
41
In base 9, what is -3 - -360?
356
In base 10, what is -215 + 4?
-211
In base 11, what is -3a - 3?
-42
In base 2, what is 1 - 1101111?
-1101110
In base 11, what is -9a9 + -4?
-a02
In base 4, what is 21 + 123010?
123031
In base 6, what is -2 + 354?
352
In base 3, what is -2 - -1021?
1012
In base 10, what is -12 - 140?
-152
In base 2, what is -100110010 - -100?
-100101110
In base 14, what is 2 + 131?
133
In base 10, what is 309 - -5?
314
In base 4, what is -3 + -2122?
-2131
In base 11, what is -1200 + 7?
-11a4
In base 2, what is 1100100001 - 101?
1100011100
In base 15, what is 0 + -1be?
-1be
In base 4, what is -2 + -211013?
-211021
In base 14, what is c6 - -20?
106
In base 10, what is -1 - -485?
484
In base 14, what is b + 1c?
29
In base 2, what is -1000010101 - 11?
-1000011000
In base 3, what is 2 - -2000220?
2000222
In base 12, what is 1 - 7?
-6
In base 6, what is -4 + 25442?
25434
In base 7, what is 0 + -54?
-54
In base 16, what is 28e - 3?
28b
In base 14, what is 1 + 23?
24
In base 3, what is 11212012 + 12?
11212101
In base 6, what is -5 - -11301?
11252
In base 4, what is -30 - 10212?
-10302
In base 13, what is -20 + 5?
-18
In base 10, what is 28 - 37?
-9
In base 14, what is -118a + -1?
-118b
In base 14, what is 4 + 584?
588
In base 10, what is -8 + 2?
-6
In base 3, what is -20220 + 1212?
-12001
In base 10, what is -58 - -5?
-53
In base 7, what is -5 - 256?
-264
In base 6, what is 4 - -11?
15
In base 12, what is -5 + -189?
-192
In base 16, what is -173 + -2?
-175
In base 7, what is -24 - -422?
365
In base 16, what is 1 + -1d?
-1c
In base 3, what is -11 - 21220112?
-21220200
In base 9, what is 2 + -5?
-3
In base 15, what is -3 + -31?
-34
In base 13, what is 25 - 0?
25
In base 13, what is -5 - -6?
1
In base 16, what is 5 - 25?
-20
In base 2, what is -10101 + 1000100100?
1000001111
In base 2, what is 10101100011 - -1000?
10101101011
In base 6, what is 3 + 2505?
2512
In base 16, what is 2 + 434?
436
In base 8, what is 455 + 5?
462
In base 6, what is 11 + -5?
2
In base 14, what is -6 + 5?
-1
In base 5, what is 13 - -20?
33
In base 16, what is c - -2?
e
In base 6, what is -32 + -11?
-43
In base 3, what is -2 + 1100?
1021
In base 7, what is 4 - 24661?
-24654
In base 8, what is 55 - -163?
240
In base 12, what is 3 - 5442?
-543b
In base 3, what is 1 + 1012?
1020
In b